 is divided by 844?
11
What is the remainder when 17838 is divided by 5942?
12
What is the remainder when 4358066 is divided by 22?
20
What is the remainder when 27356 is divided by 174?
38
What is the remainder when 3451 is divided by 3437?
14
What is the remainder when 9329 is divided by 4598?
133
Calculate the remainder when 13583 is divided by 1937.
24
What is the remainder when 103295 is divided by 3130?
5
What is the remainder when 106655 is divided by 27?
5
Calculate the remainder when 4348 is divided by 1429.
61
What is the remainder when 50842 is divided by 16?
10
What is the remainder when 31036 is divided by 437?
9
What is the remainder when 80495 is divided by 175?
170
Calculate the remainder when 106847 is divided by 168.
167
What is the remainder when 5015 is divided by 4253?
762
Calculate the remainder when 37375 is divided by 124.
51
What is the remainder when 6795 is divided by 10?
5
What is the remainder when 17547 is divided by 92?
67
What is the remainder when 14764 is divided by 162?
22
Calculate the remainder when 1579 is divided by 64.
43
Calculate the remainder when 17458 is divided by 8642.
174
Calculate the remainder when 5220 is divided by 243.
117
What is the remainder when 12309 is divided by 35?
24
What is the remainder when 1628 is divided by 744?
140
Calculate the remainder when 1453908 is divided by 231.
225
Calculate the remainder when 75819 is divided by 340.
339
What is the remainder when 132377 is divided by 471?
26
Calculate the remainder when 3882 is divided by 3872.
10
What is the remainder when 61433 is divided by 556?
273
Calculate the remainder when 9622 is divided by 117.
28
What is the remainder when 627 is divided by 133?
95
Calculate the remainder when 23810 is divided by 721.
17
Calculate the remainder when 15204 is divided by 53.
46
Calculate the remainder when 86325 is divided by 8.
5
What is the remainder when 579161 is divided by 18?
11
Calculate the remainder when 1798 is divided by 446.
14
What is the remainder when 32946 is divided by 846?
798
What is the remainder when 41529 is divided by 119?
117
What is the remainder when 521 is divided by 130?
1
What is the remainder when 1299869 is divided by 117?
116
What is the remainder when 994 is divided by 110?
4
What is the remainder when 44019 is divided by 58?
55
Calculate the remainder when 147558 is divided by 28.
26
Calculate the remainder when 436149 is divided by 550.
549
What is the remainder when 9084 is divided by 144?
12
What is the remainder when 1302 is divided by 14?
0
What is the remainder when 2765 is divided by 615?
305
What is the remainder when 3531 is divided by 1257?
1017
Calculate the remainder when 2325 is divided by 202.
103
What is the remainder when 66344 is divided by 43?
38
What is the remainder when 114066 is divided by 1107?
45
Calculate the remainder when 15915 is divided by 3969.
39
Calculate the remainder when 2002 is divided by 23.
1
What is the remainder when 125170 is divided by 74?
36
Calculate the remainder when 4562982 is divided by 105.
102
What is the remainder when 7589 is divided by 771?
650
What is the remainder when 954 is divided by 29?
26
What is the remainder when 390 is divided by 106?
72
What is the remainder when 301391 is divided by 504?
503
What is the remainder when 5547 is divided by 135?
12
What is the remainder when 2118 is divided by 579?
381
Calculate the remainder when 216 is divided by 154.
62
Calculate the remainder when 21683 is divided by 25.
8
What is the remainder when 3655 is divided by 15?
10
What is the remainder when 3306 is divided by 1974?
1332
What is the remainder when 12028 is divided by 2003?
10
What is the remainder when 1537 is divided by 334?
201
Calculate the remainder when 2898 is divided by 185.
123
Calculate the remainder when 36073 is divided by 11.
4
What is the remainder when 12897 is divided by 187?
181
What is the remainder when 26096 is divided by 10?
6
Calculate the remainder when 530388 is divided by 1042.
10
What is the remainder when 51534 is divided by 160?
14
Calculate the remainder when 638308 is divided by 41.
20
Calculate the remainder when 38421 is divided by 65.
6
Calculate the remainder when 12031 is divided by 11854.
177
What is the remainder when 2363 is divided by 211?
42
What is the remainder when 3446 is divided by 909?
719
Calculate the remainder when 2121 is divided by 141.
6
Calculate the remainder when 5116 is divided by 842.
64
What is the remainder when 2872 is divided by 695?
92
Calculate the remainder when 21660 is divided by 261.
258
Calculate the remainder when 294104 is divided by 27.
20
Calculate the remainder when 1417 is divided by 122.
75
Calculate the remainder when 9958 is divided by 17.
13
Calculate the remainder when 170320 is divided by 75.
70
What is the remainder when 1101 is divided by 397?
307
What is the remainder when 839567 is divided by 279853?
8
Calculate the remainder when 45452 is divided by 45443.
9
Calculate the remainder when 5181 is divided by 2524.
133
What is the remainder when 4032 is divided by 38?
4
What is the remainder when 38979 is divided by 1392?
3
What is the remainder when 1710010 is divided by 1037?
1034
What is the remainder when 18745 is divided by 1102?
11
Calculate the remainder when 10394 is divided by 2594.
18
Calculate the remainder when 2952 is divided by 1205.
542
What is the remainder when 429404 is divided by 216?
212
Calculate the remainder when 136330 is divided by 426.
10
What is the remainder when 2261 is divided by 752?
5
Calculate the remainder when 2529 is divided by 134.
117
Calculate the remainder when 2753 is divided by 318.
209
What is the remainder when 669496 is divided by 593?
592
Calculate the remainder when 665 is divided by 215.
20
Calculate the remainder when 5024 is divided by 42.
26
Calculate the remainder when 1770 is divided by 9.
6
Calculate the remainder when 2543 is divided by 2238.
305
What is the remainder when 22056 is divided by 1457?
201
Calculate the remainder when 37811 is divided by 14.
11
Calculate the remainder when 25390 is divided by 8461.
7
Calculate the remainder when 116321 is divided by 58151.
19
Calculate the remainder when 3136 is divided by 10.
6
Calculate the remainder when 13366 is divided by 6623.
120
Calculate the remainder when 36343 is divided by 12102.
37
What is the remainder when 89915 is divided by 320?
315
What is the remainder when 58185 is divided by 94?
93
What is the remainder when 12958 is divided by 4288?
94
Calculate the remainder when 52741 is divided by 27.
10
What is the remainder when 3233 is divided by 538?
5
What is the remainder when 1550 is divided by 21?
17
Calculate the remainder when 25220 is divided by 119.
111
Calculate the remainder when 452938 is divided by 31.
28
Calculate the remainder when 40373 is divided by 196.
193
Calculate the remainder when 8734 is divided by 1736.
54
Calculate the remainder when 6772 is divided by 3383.
6
What is the remainder when 13873 is divided by 74?
35
What is the remainder when 507742 is divided by 76?
62
What is the remainder when 213861 is divided by 16?
5
Calculate the remainder when 1920 is divided by 461.
76
Calculate the remainder when 4778 is divided by 78.
20
What is the remainder when 442086 is divided by 27?
15
Calculate the remainder when 15177 is divided by 330.
327
What is the remainder when 3415 is divided by 1133?
16
What is the remainder when 525 is divided by 50?
25
Calculate the remainder when 134407 is divided by 1050.
7
What is the remainder when 18767 is divided by 250?
17
Calculate the remainder when 1424 is divided by 505.
414
What is the remainder when 1602 is divided by 15?
12
What is the remainder when 293886 is divided by 328?
326
What is the remainder when 6529 is divided by 2993?
543
What is the remainder when 3344 is divided by 3?
2
What is the remainder when 1949 is divided by 966?
17
What is the remainder when 20504 is divided by 763?
666
What is the remainder when 2151 is divided by 1077?
1074
What is the remainder when 64155 is divided by 104?
91
What is the remainder when 293551 is divided by 31?
12
Calculate the remainder when 4816 is divided by 4796.
20
Calculate the remainder when 32284 is divided by 16125.
34
Calculate the remaind